 factor of 830233233?
False
Is 9 a factor of 981147051?
True
Does 100 divide 495055000?
True
Is 814 a factor of 11635222?
False
Is 573 a factor of 2569836?
False
Does 1552 divide 15094752?
True
Is 45394778 a multiple of 737?
True
Is 1242504886 a multiple of 16?
False
Does 442 divide 4852404431?
False
Does 529 divide 176044871?
False
Does 22 divide 26118615?
False
Is 4 a factor of 80582827?
False
Is 98 a factor of 387839729?
False
Is 436 a factor of 136460152?
True
Does 87 divide 62970508?
False
Does 394 divide 972576857?
False
Is 2738054 a multiple of 17?
True
Is 2462479 a multiple of 3?
False
Does 8 divide 97235792?
True
Is 13652609 a multiple of 421?
True
Does 14 divide 44023421?
False
Is 153249769 a multiple of 829?
True
Is 1394732557 a multiple of 2783?
False
Is 3648894894 a multiple of 19?
False
Is 2560387 a multiple of 78?
False
Does 67 divide 10945656?
True
Does 734 divide 5207455?
False
Is 2729 a factor of 2502593973?
True
Does 3878 divide 35335035?
False
Does 21 divide 17386226?
False
Is 35306341 a multiple of 13?
False
Does 388 divide 181291448?
True
Does 535 divide 11119440?
True
Is 55021197 a multiple of 3?
True
Is 477516183 a multiple of 18?
False
Is 202 a factor of 734786?
False
Is 3368946 a multiple of 14?
True
Is 2675 a factor of 958201050?
True
Does 90 divide 2463009?
False
Is 138 a factor of 3853692780?
True
Does 258 divide 86171646?
False
Does 31 divide 24299966?
False
Is 235461823 a multiple of 1136?
False
Does 211 divide 42569498?
False
Does 7 divide 23167123?
True
Is 256564295 even?
False
Is 13381315 a multiple of 357?
False
Is 1892236330 a multiple of 9470?
False
Is 109914840 a multiple of 20?
True
Is 201915703 a multiple of 1291?
False
Is 468 a factor of 26988156?
True
Does 285 divide 1063826169?
False
Is 480 a factor of 377201760?
True
Is 38 a factor of 1135364?
True
Does 28 divide 304135289?
False
Does 172 divide 47673173?
False
Is 82 a factor of 4593640?
True
Does 26 divide 14841918?
True
Is 4778357 a multiple of 4?
False
Does 15 divide 112080259?
False
Does 131 divide 3096578?
True
Is 577794837 a multiple of 545?
False
Is 796550675 a multiple of 16?
False
Does 787 divide 78609827?
False
Does 7 divide 1080338551?
False
Is 421 a factor of 79915062?
True
Does 3500 divide 639880500?
True
Is 107919812 a multiple of 13?
True
Is 56228303 a multiple of 26?
False
Is 14 a factor of 86520021?
False
Is 4679537760 a multiple of 124?
False
Is 365 a factor of 146823440?
True
Does 53 divide 3774680511?
True
Is 2806713 a multiple of 207?
True
Is 8 a factor of 543501544?
True
Is 1212 a factor of 47274060?
True
Is 4 a factor of 6200197?
False
Does 364 divide 439348?
True
Is 6033 a factor of 1222081312?
False
Does 912 divide 22630368?
True
Is 157 a factor of 474132935?
True
Does 72 divide 7219152?
True
Is 3 a factor of 255365550?
True
Does 918 divide 3307600818?
True
Does 4196 divide 6300184904?
True
Is 702429705 a multiple of 900?
False
Is 99497966 a multiple of 863?
False
Is 28 a factor of 617810507?
False
Is 42929792 a multiple of 62?
True
Does 268 divide 27449900?
True
Is 1009877773 a multiple of 10?
False
Is 40 a factor of 30663320?
True
Is 2268344652 a multiple of 4853?
False
Does 72 divide 1296520105?
False
Does 4 divide 79662404?
True
Is 885113312 a multiple of 32?
True
Is 7845238 a multiple of 6?
False
Is 456707127 a multiple of 263?
True
Is 5 a factor of 385729520?
True
Is 12 a factor of 6600534?
False
Is 129231755 a multiple of 604?
False
Is 375141540 a multiple of 16?
False
Is 111 a factor of 7678980?
True
Is 506726272 a multiple of 416?
True
Is 3987144 a multiple of 648?
True
Is 18 a factor of 1486873224?
True
Is 154670340 a multiple of 66?
True
Does 384 divide 377618166?
False
Does 50 divide 604715352?
False
Is 22911673 a multiple of 2?
False
Is 914009301 a multiple of 963?
True
Is 41 a factor of 71054230?
True
Does 93 divide 151269188?
False
Does 83 divide 31831828?
True
Is 163077849 a multiple of 9?
True
Is 855275248 a multiple of 20?
False
Is 7434 a factor of 1440930446?
False
Is 5777705 a multiple of 141?
False
Is 10 a factor of 1254253620?
True
Is 2000 a factor of 84286000?
True
Is 1849 a factor of 153467?
True
Does 423 divide 7134318?
True
Is 1009 a factor of 948554060?
False
Does 14 divide 10898851?
False
Does 30 divide 9619652?
False
Is 433828690 a multiple of 58?
True
Is 851 a factor of 338891543?
False
Does 245 divide 28806898?
False
Is 13511028 a multiple of 2?
True
Is 1669012254 a multiple of 63?
True
Is 1264 a factor of 145611536?
True
Does 155 divide 161743120?
True
Is 2398142808 a multiple of 2788?
True
Is 158312119 a multiple of 7?
True
Is 2289531037 a multiple of 323?
False
Does 62 divide 4449368?
True
Is 1853 a factor of 143236900?
True
Is 905 a factor of 105624360?
True
Is 259457236 a multiple of 166?
False
Is 1234060192 a multiple of 5338?
True
Is 267958080 a multiple of 3978?
True
Is 14721228 a multiple of 36?
True
Does 7 divide 35879856?
False
Is 1892 a factor of 24522212?
True
Is 1127306279 a multiple of 11?
True
Is 161 a factor of 13850136?
False
Is 101 a factor of 529980027?
True
Is 770 a factor of 90282943?
False
Is 66 a factor of 1989348306?
True
Is 31392880 a multiple of 164?
True
Does 3800 divide 40619023?
False
Is 81270386 a multiple of 3157?
False
Does 498 divide 16009206?
True
Does 69 divide 7860720?
False
Does 13 divide 12654728?
False
Is 2826265 a multiple of 13?
True
Is 200129610 a multiple of 615?
True
Is 4 a factor of 14288398?
False
Is 4151 a factor of 1540833650?
False
Is 264407768 a multiple of 286?
False
Is 14 a factor of 18269102?
False
Does 82 divide 10092519?
False
Does 272 divide 97302768?
False
Is 249 a factor of 480197994?
True
Does 13 divide 854690291?
True
Does 943 divide 18865658?
True
Is 2462 a factor of 32940327?
False
Is 1104203600 a multiple of 400?
True
Is 15 a factor of 28423446?
False
Is 72197760 a multiple of 8?
True
Is 73587459 a multiple of 391?
False
Is 474 a factor of 19519794?
True
Does 308 divide 124847287?
False
Is 4844 a factor of 528746820?
True
Does 3040 divide 552911836?
False
Does 1789 divide 18333000?
False
Does 1062 divide 341976717?
False
Is 1405 a factor of 1193201673?
False
Is 55042830 a multiple of 45?
True
Does 40 divide 371452640?
True
Is 73422634 a multiple of 60?
False
Is 4818710 a multiple of 5?
True
Is 1334289807 a multiple of 15?
False
Does 9 divide 217220748?
False
Is 3256 a factor of 255254120?
True
Does 48 divide 94507613?
False
Is 46746265 a multiple of 5?
True
Is 131 a factor of 530306156?
False
Does 23 divide 19893229?
True
Is 62 a factor of 46149713?
False
Is 1405722780 a multiple of 110?
True
Is 73 a factor of 55377788?
False
Is 86 a factor of 82339922?
False
Is 5 a factor of 38280790?
True
Is 5 a factor of 19219696?
False
Is 157713148 a multiple of 646?
True
Is 78355299 a multiple of 107?
False
Is 2893632478 a multiple of 346?
False
Does 4053 divide 245103266?
False
Is 1224 a factor of 136711327?
False
Does 26 divide 1440761657?
False
Is 13 a factor of 1281204540?
False
Is 1367784 a multiple of 968?
True
Is 5536804 a multiple of 444?
False
Is 49865518 a multiple of 70?
False
Does 28 divide 33905228?
True
Is 44596065 a multiple of 32?
False
Does 21 divide 100423011?
False
Is 3271175 a multiple of 575?
True
Is 105820088 a multiple of 22?
True
Does 516 divide 11043432?
True
Does 18 divide 1075073193?
False
Is 3879553711 a multiple of 149?
False
Does 66 divide 34264362?
True
Is 99518170 a multiple of 4?
False
Does 15 divide 132684919?
False
Does 16 divide 2311617?
False
Is 76520730 a multiple of 6?
True
Does 23 divide 231746275?
True
Is 2928970688 a multiple of 38?
True
Is 3 a factor of 485558432?
False
Is 365732659 a multiple of 7775?
False
Does 23 divide 14928656?
True
Is 23966569 a multiple of 3?
False
Is 47 a factor of 3763384?
True
Is 4 a factor of 2679671?
False
Is 1170 a factor of 171773840?
False
Is 1410154912 a multiple of 11?
False
Is 57 a factor of 165336765?
True
Is 60 a factor of 45350460?
True
Does 74 divide 35488917?
False
Does 2887 divide 498937114?
True
Does 4430 divide 210123760?
True
Is 574872532 a multiple of 8?
False
Does 398 divide 24747640?
True
Does 343 divide 14201712?
False
Is 949908667 a multiple of 39?
False
Does 497 divide 2798110?
True
Is 4886 a factor of 404780670?
True
Does 122 divide 89000342?
True